what is 1001100100000 + 1?
1001100100001
In base 11, what is 2a + 1170?
119a
In base 12, what is 2 + -b77?
-b75
In base 12, what is -65b8 - -3?
-65b5
In base 15, what is 27 + -191?
-169
In base 3, what is -12 - 212211201?
-212211220
In base 14, what is 2 - 5b18?
-5b16
In base 12, what is 3 - 18672?
-1866b
In base 16, what is 6 + 7f?
85
In base 14, what is 0 - -86dc?
86dc
In base 13, what is 1334 + 39?
1370
In base 3, what is -211222200202 + 1?
-211222200201
In base 8, what is 1401 + -33?
1346
In base 8, what is 270 - 13660?
-13370
In base 5, what is -10331441342 + -4?
-10331441401
In base 2, what is 101 - 100110010011110?
-100110010011001
In base 8, what is 2331 - 1376?
733
In base 7, what is 513 - 2503?
-1660
In base 8, what is 112316 + -22?
112274
In base 14, what is -a04 - 260?
-c64
In base 16, what is 6 - -b9?
bf
In base 13, what is 17454 + 3?
17457
In base 15, what is 804e + -6?
8048
In base 2, what is -100010011 + -11010100100?
-11110110111
In base 13, what is -1 - 6cb5?
-6cb6
In base 9, what is 3406217 + -5?
3406212
In base 14, what is -1282b + 21?
-1280a
In base 14, what is -24 + 270?
24a
In base 11, what is -1 - -4125?
4124
In base 9, what is 182402 - 5?
182386
In base 16, what is -35 - 3a4?
-3d9
In base 9, what is -1207436 + 5?
-1207431
In base 2, what is -111111010101 - 11101011101?
-1011100110010
In base 11, what is 597 + 31?
618
In base 11, what is 37 + -183?
-147
In base 15, what is -2097e0 - 2?
-2097e2
In base 5, what is -1401 + 114?
-1232
In base 2, what is 101001011001 + 11001?
101001110010
In base 3, what is 211 - -11101201220?
11101202201
In base 15, what is 1425 - 18?
140c
In base 9, what is 37481 + -72?
37408
In base 12, what is 129bb + -a?
129b1
In base 4, what is -31113332 + 10?
-31113322
In base 15, what is -120bd - 4?
-120c2
In base 5, what is 41 + -10234030?
-10233434
In base 12, what is -1b1 + 3322?
3131
In base 12, what is -1b39 + -15b?
-2098
In base 8, what is -265767 + -4?
-265773
In base 8, what is 43543 + -14?
43527
In base 7, what is -6242 + -146?
-6421
In base 3, what is -121200110 + 12?
-121200021
In base 14, what is -d17 - 12?
-d29
In base 2, what is 1010110100101100110 - -100?
1010110100101101010
In base 2, what is -10111101010 + 1001011101?
-1110001101
In base 6, what is 15 - 121125?
-121110
In base 8, what is 12656 - 7?
12647
In base 3, what is 2222 - 1111020210?
-1111010211
In base 5, what is 42320413 - 0?
42320413
In base 10, what is 4050 + 21?
4071
In base 11, what is 1694 + 102?
1796
In base 2, what is -1010 + -10001100?
-10010110
In base 6, what is 21203040 - 4?
21203032
In base 9, what is 420143 + 2?
420145
In base 7, what is -24 + -255466?
-255523
In base 5, what is 22412441 + -1?
22412440
In base 12, what is -58 - -3494?
3438
In base 9, what is -1 - 52230?
-52231
In base 2, what is 1100000011100001000 + -10?
1100000011100000110
In base 11, what is 51 - -941?
992
In base 10, what is -3 + -73679?
-73682
In base 10, what is -130964 - 4?
-130968
In base 15, what is -2 + -87c66?
-87c68
In base 7, what is 326254 + -5?
326246
In base 13, what is 318 - 143?
1a5
In base 6, what is -1443 - -3233?
1350
In base 10, what is -35442 - 12?
-35454
In base 3, what is -1 + -121000001?
-121000002
In base 12, what is 10 - -a7450?
a7460
In base 7, what is 44243561 - 5?
44243553
In base 16, what is d - -18a7?
18b4
In base 6, what is -11 - -4045403?
4045352
In base 3, what is 1211 + 1110001?
1111212
In base 8, what is 3 + 7441?
7444
In base 7, what is -64 - 614456?
-614553
In base 5, what is 43 + 320410?
321003
In base 6, what is 15 + 23521?
23540
In base 8, what is 73 + -122?
-27
In base 6, what is -34 - 111021?
-111055
In base 4, what is -1033 - -232212?
231113
In base 14, what is 2 - 10c2b8?
-10c2b6
In base 8, what is 407443 + 40?
407503
In base 8, what is 24 + -14506?
-14462
In base 13, what is 9 - -2994?
29a0
In base 2, what is 11010011000111010 - -10000?
11010011001001010
In base 7, what is -1 - 123236?
-123240
In base 6, what is -13 - -254012?
253555
In base 14, what is 882 + 10?
892
In base 12, what is 6ab0 - 65?
6a47
In base 7, what is -5 + 15600?
15562
In base 7, what is 6206 - -503?
10012
In base 10, what is 100 - 23?
77
In base 7, what is -1311 + -5012?
-6323
In base 10, what is -138320 - 0?
-138320
In base 14, what is 5 + 1c94?
1c99
In base 15, what is 3 - -bcc6?
bcc9
In base 11, what is 6904 - -12?
6916
In base 10, what is 6725 + -4?
6721
In base 5, what is 12 + -13023?
-13011
In base 3, what is 2111122 + -20111?
2021011
In base 14, what is -707200 - -2?
-7071dc
In base 6, what is -11 + -2024220?
-2024231
In base 14, what is 162 + 74?
1d6
In base 10, what is 19 - -25376?
25395
In base 9, what is 3148510 + -2?
3148507
In base 10, what is 2320053 + -5?
2320048
In base 8, what is 340 - 271?
47
In base 5, what is -14 + -43312?
-43331
In base 16, what is -b1 + 116?
65
In base 14, what is 0 + 7d314?
7d314
In base 3, what is 10001110120 - 1?
10001110112
In base 4, what is -1311 + -1203013?
-1210330
In base 11, what is -11a + 673?
554
In base 6, what is 5320424 - 3?
5320421
In base 6, what is 1 + -34424?
-34423
In base 4, what is -11 + 1333033?
1333022
In base 9, what is 444 - 1068?
-524
In base 15, what is -2 - 12908?
-1290a
In base 5, what is 243 + -242240?
-241442
In base 8, what is -21570 - 1?
-21571
In base 16, what is -1 + -a3be?
-a3bf
In base 13, what is 3ba74c + -2?
3ba74a
In base 4, what is -33001321 + -12?
-33001333
In base 7, what is 61 - 2026?
-1635
In base 13, what is 271 - -254?
4c5
In base 9, what is 13032 + 225?
13257
In base 14, what is 1b4 + -14?
1a0
In base 7, what is -3 + -36355?
-36361
In base 16, what is 28a + 42?
2cc
In base 2, what is 1111100011101111 + 100?
1111100011110011
In base 6, what is -131 + 454130?
453555
In base 8, what is -11450 - 1?
-11451
In base 16, what is -1cc8f - 4?
-1cc93
In base 7, what is 243 + -1103?
-530
In base 3, what is 1012200221 + 0?
1012200221
In base 2, what is -100001101100100100 + -1000?
-100001101100101100
In base 13, what is 25082 + -4?
2507b
In base 6, what is -3445 - 3245?
-11134
In base 16, what is 307c9 - 4?
307c5
In base 9, what is 170 - 337?
-157
In base 10, what is 21 - -635?
656
In base 16, what is -6c5 + -13d?
-802
In base 9, what is 100751 + 1?
100752
In base 6, what is 3 + 21003531?
21003534
In base 2, what is 110000111011011 + 101?
110000111100000
In base 5, what is -111221 - -2243?
-103423
In base 12, what is -1b8 + 5b8?
400
In base 10, what is 66981 + 19?
67000
In base 6, what is 5 - 10404424?
-10404415
In base 2, what is -1001000010110 - 1000000?
-1001001010110
In base 4, what is -3031110 + 2?
-3031102
In base 16, what is 22 - b7?
-95
In base 3, what is -12 - -12000?
11211
In base 5, what is -21210 - -1230?
-14430
In base 3, what is -11 - 111110221211?
-111110221222
In base 16, what is 797 + -76?
721
In base 16, what is -2 - 8018?
-801a
In base 6, what is 433222 - 1?
433221
In base 6, what is 0 + 15533513?
15533513
In base 13, what is -9192 - 5?
-9197
In base 15, what is 13e19 - 5?
13e14
In base 10, what is 334 - -558?
892
In base 10, what is 12 - 1705?
-1693
In base 13, what is 43586 + 1?
43587
In base 9, what is -8601 - 273?
-8874
In base 3, what is 0 - 12122022?
-12122022
In base 6, what is 22234 + 3?
22241
In base 14, what is 133d + -25?
1318
In base 8, what is -52 + -71?
-143
In base 9, what is 20547 + -114?
20433
In base 2, what is -1101010001 - 1010101?
-1110100110
In base 13, what is -3a20 + -3?
-3a23
In base 10, what is 23225 + 6?
23231
In base 15, what is 594 + 1b?
5b0
In base 12, what is 41 + 328?
369
In base 16, what is a7 - 38d?
-2e6
In base 4, what is 10220 + 212022?
222302
In base 11, what is -13a + 4205?
4076
In base 2, what is 110110 + 11010110010?
11011101000
In base 13, what is -a5 - 149?
-221
In base 5, what is -10 - -10433222?
10433212
In base 16, what is -2 + -d18e6?
-d18e8
In base 10, what is -972198 + -5?
-972203
In base 10, what is -478 - -67?
-411
In base 15, what is 17969 - 5?
17964
In base 8, what is -407165 - -46?
-407117
In base 16, what is bd4a0 - -8?
bd4a8
In base 16, what is 337dd + -3?
337da
In base 3, what is -10100220120 + -22?
-10100220212
In base 3, what is 1221 + -112201011?
-112122020
In base 14, what is 1b0 - -22ba?
248a
In base 16, what is 4dba + d?
4dc7
In base 15, what is -10d13 - -39?
-10cc9
In